f 3791600?
False
Is 2004107947 a multiple of 173?
True
Does 255 divide 213586241?
False
Is 2035 a factor of 247390880?
True
Is 27 a factor of 128737977?
False
Is 480012210 a multiple of 45?
True
Does 419 divide 22780818?
False
Is 129768215 a multiple of 280?
False
Is 39876300 a multiple of 547?
True
Is 17124862 a multiple of 71?
False
Does 238 divide 283162119?
False
Does 6 divide 532019134?
False
Is 336153740 a multiple of 20?
True
Is 14 a factor of 40941932?
False
Does 3 divide 47218908?
True
Is 1363154141 a multiple of 272?
False
Does 216 divide 7606055?
False
Is 98389416 a multiple of 82?
False
Is 16 a factor of 1067232?
True
Is 18 a factor of 1702311192?
True
Is 40287937 a multiple of 21?
False
Is 43 a factor of 53808695?
True
Is 128 a factor of 1663405296?
False
Is 442 a factor of 689248170?
True
Is 660999534 a multiple of 13?
True
Is 315354878 a multiple of 2201?
True
Is 1329502184 a multiple of 21?
False
Does 21 divide 234514654?
False
Is 127471466 a multiple of 58?
False
Does 58 divide 1014837542?
True
Is 1033056285 a multiple of 14?
False
Is 111 a factor of 16432329?
True
Does 5 divide 307854031?
False
Does 3804 divide 224505381?
False
Is 183083680 a multiple of 1376?
True
Is 441975152 a multiple of 326?
True
Is 74 a factor of 2596358?
False
Does 488 divide 298269723?
False
Is 64 a factor of 32668288?
True
Does 1208 divide 80993916?
False
Is 6843106 a multiple of 516?
False
Is 100 a factor of 16129000?
True
Is 89 a factor of 494687365?
True
Does 17 divide 630714800?
False
Is 966344034 a multiple of 842?
True
Is 19 a factor of 1041219?
True
Is 26 a factor of 158004388?
False
Is 127145625 a multiple of 2375?
True
Is 1650 a factor of 422093632?
False
Does 2 divide 264408?
True
Does 11624 divide 1721357612?
False
Does 4685 divide 129807806?
False
Is 20 a factor of 76821904?
False
Is 7201280 a multiple of 585?
False
Is 1180471 a multiple of 439?
True
Is 238 a factor of 255814062?
True
Does 13 divide 115167526?
False
Is 349127064 a multiple of 24?
True
Is 44202751 a multiple of 192?
False
Is 53 a factor of 117464301?
False
Is 1425 a factor of 34798500?
True
Is 20 a factor of 1784805?
False
Does 2786 divide 406338410?
False
Is 155 a factor of 2130815987?
False
Does 2196 divide 1468109821?
False
Is 408065328 a multiple of 144?
True
Is 1140 a factor of 9772493?
False
Does 1052 divide 332375192?
True
Does 370 divide 36856436?
False
Does 7047 divide 182880842?
False
Is 1104511716 a multiple of 1628?
True
Is 1222970832 a multiple of 213?
False
Does 15 divide 1584425708?
False
Is 11 a factor of 76638672?
True
Is 181175333 a multiple of 216?
False
Is 7256909612 a multiple of 59?
True
Is 17 a factor of 44724358?
False
Is 128 a factor of 92045985?
False
Is 223 a factor of 29132697?
False
Is 25961166 a multiple of 14?
True
Is 932 a factor of 38952008?
True
Is 63 a factor of 11321781?
False
Is 21 a factor of 152252037?
True
Is 5950 a factor of 2281178841?
False
Does 79 divide 21303140?
True
Is 24416056 a multiple of 1106?
True
Does 192 divide 703917245?
False
Does 68 divide 2848593375?
False
Is 29 a factor of 42399856?
True
Does 2 divide 21079546?
True
Does 30 divide 2663850?
True
Is 13 a factor of 288720631?
False
Is 322262292 a multiple of 179?
True
Is 154560389 a multiple of 62?
False
Is 3067 a factor of 229350322?
False
Is 3451 a factor of 493593079?
True
Does 107 divide 1362692?
False
Is 124 a factor of 38602936?
True
Does 988 divide 744419468?
True
Is 286116104 a multiple of 482?
False
Is 21 a factor of 395425591?
False
Is 11 a factor of 10824413?
False
Is 27579075 even?
False
Is 168669779 a multiple of 43?
True
Does 280 divide 17533880?
True
Is 12 a factor of 42637656?
True
Does 1819 divide 1368953934?
True
Is 970 a factor of 566480?
True
Does 279 divide 115777534?
False
Is 121930864 a multiple of 2?
True
Is 119015125 a multiple of 35?
False
Is 7036582 a multiple of 14?
True
Does 4452 divide 357299712?
True
Is 1678 a factor of 1482486152?
True
Is 14 a factor of 43354066?
True
Is 26 a factor of 39592017?
False
Is 2172 a factor of 578231882?
False
Is 25536 a multiple of 133?
True
Does 2324 divide 249469780?
True
Is 209 a factor of 129139832?
False
Is 2729 a factor of 361580951?
False
Does 12 divide 25400364?
True
Does 9 divide 23969178?
True
Is 1022 a factor of 2683192988?
False
Is 176098152 a multiple of 8?
True
Is 4193044960 a multiple of 916?
True
Is 175 a factor of 11854850?
True
Is 1732614 a multiple of 5?
False
Is 144 a factor of 2204704512?
True
Is 198 a factor of 14925902?
False
Does 2936 divide 203162392?
True
Is 14 a factor of 26631206?
True
Is 4008 a factor of 456672694?
False
Is 85755834 a multiple of 22?
False
Is 2093 a factor of 203026498?
False
Is 215 a factor of 1543682800?
True
Does 860 divide 4467039?
False
Is 449604802 a multiple of 1198?
False
Is 9473691 a multiple of 8?
False
Does 71 divide 15009281?
False
Is 13 a factor of 28732054?
True
Is 4313452 a multiple of 88?
False
Is 6 a factor of 17561088?
True
Is 321405175 a multiple of 31?
False
Is 145 a factor of 9774885?
True
Is 107 a factor of 2344454744?
True
Is 5395095 a multiple of 15?
True
Is 627 a factor of 138125592?
True
Is 1004221773 a multiple of 16?
False
Is 56 a factor of 578556055?
False
Does 2011 divide 50266783?
False
Is 59 a factor of 37906991?
False
Does 12 divide 148847316?
True
Does 125 divide 75686415?
False
Does 4833 divide 875850365?
False
Does 21 divide 4440425535?
True
Is 334 a factor of 24211074?
False
Is 482597014 a multiple of 1829?
False
Does 66 divide 339632530?
False
Is 20322889 a multiple of 4871?
False
Is 136688092 a multiple of 1786?
False
Is 1836 a factor of 6099192?
True
Is 391 a factor of 325375342?
True
Is 119 a factor of 97806594?
False
Is 193001670 a multiple of 2826?
True
Is 10949210 a multiple of 2?
True
Does 196 divide 872335689?
False
Is 46010473 a multiple of 12?
False
Does 1739 divide 242581805?
True
Is 96 a factor of 10639296?
True
Is 194 a factor of 27051942?
True
Is 7437385 a multiple of 288?
False
Does 72 divide 3470523?
False
Is 74 a factor of 1135705236?
False
Does 283 divide 17812303?
True
Is 475245858 a multiple of 47?
True
Does 30 divide 73335049?
False
Does 155 divide 5788475?
True
Does 738 divide 3265650?
True
Is 33623298 a multiple of 98?
False
Does 56 divide 231948615?
False
Is 772792759 a multiple of 429?
False
Is 372 a factor of 920328?
True
Is 504480438 a multiple of 38?
True
Does 73 divide 2463127310?
True
Does 80 divide 44041870?
False
Does 33 divide 588716043?
False
Does 27 divide 13588359?
False
Is 36182719 a multiple of 5?
False
Is 3080135694 a multiple of 326?
True
Does 61 divide 18772190?
False
Does 59 divide 718399989?
True
Is 5 a factor of 3153977?
False
Is 437665848 a multiple of 655?
False
Is 259201824 a multiple of 168?
True
Does 1380 divide 670708980?
True
Is 40 a factor of 1218387720?
True
Is 1106081935 a multiple of 99?
False
Does 388 divide 12995765?
False
Is 407029495 a multiple of 33?
False
Is 59881182 a multiple of 519?
True
Is 102 a factor of 99181375?
False
Does 106 divide 32155386?
False
Does 17 divide 83606?
True
Is 222 a factor of 1214140617?
False
Is 137 a factor of 77815874?
False
Is 24 a factor of 135143361?
False
Does 4321 divide 390901553?
False
Is 16 a factor of 717982656?
True
Is 74412176 a multiple of 46?
True
Is 436459194 a multiple of 22?
False
Is 75 a factor of 88862550?
True
Is 132779185 a multiple of 152?
False
Does 467 divide 44507435?
True
Does 6 divide 15583948?
False
Is 410 a factor of 8710860?
True
Does 2035 divide 156375776?
False
Does 731 divide 122775105?
True
Is 34288008 a multiple of 4?
True
Is 10994630 a multiple of 154?
False
Is 128 a factor of 62844951?
False
Is 23 a factor of 74787757?
False
Does 43 divide 1197324287?
False
Does 43 divide 218655430?
True
Does 1862 divide 83049273?
False
Does 129 divide 617013966?
True
Is 272092120 a multiple of 71?
False
Is 74 a factor of 48152560?
False
Is 663 a factor of 277571580?
True
Does 102 divide 36413898?
True
Is 1096931948 a multiple of 122?
False
Is 342531924 a multiple of 2198?
True
Is 3765596736 a multiple of 3333?
True
Does 10 divide 322200950?
True
Is 1165777648 a multiple of 1036?
True
Does 530 divide 20036858?
False
Is 9762 a factor of 371169727?
False
Is 5607669 a multiple of 10?
False
Is 279803282 a multiple of 